be v(-9). Let i be c/(-15)*10/(-3). Let w = i + -11. What is the tens digit of w?
3
Let t = -78 + 113. What is the units digit of 1*(-3 + 0 + t + 2)?
4
What is the units digit of (1 - (0 - -9)) + 404?
6
Suppose 0 = -3*u + 3*h - 222, u + 2*h + 82 = 7*h. Let v = 317 + u. What is the tens digit of v?
4
Suppose 4 = -4*f - 0. Let w be 1/f - -1*20. What is the tens digit of (1 + 1 - -1) + w?
2
Let x be (-2)/4 - (-3)/6. Suppose -4*j + 52 + 696 = x. What is the tens digit of j?
8
Suppose -72*n - 10136 = -76*n. What is the tens digit of n?
3
Let c(y) = 2*y - 39. Let j be c(21). What is the tens digit of (j + 0 - -1) + 25?
2
Suppose -4*m + 8 = -2*c + 6*c, 3*c + 4*m - 6 = 0. Suppose c*s + 3*s = -3*z + 108, 0 = -3*s - 9. What is the tens digit of z?
4
Let i(j) = -j**3 + 7*j**2 + 6. Let h be i(7). Let n be 128/(-24)*(-63)/h. Suppose 0 = -k + n + 2. What is the units digit of k?
8
Suppose 0 = 14*d + 2376 - 6184. What is the tens digit of d?
7
Let k = 19 + -8. Suppose -k*b + 324 = -7*b. Let q = b + -37. What is the units digit of q?
4
Let a(c) = 176*c - 107. What is the tens digit of a(22)?
6
Let t = -981 - -1581. What is the hundreds digit of t?
6
Let z = -580 - -1062. What is the hundreds digit of z?
4
Let v(d) = -8*d - 13. Let y be v(-5). What is the tens digit of (-6)/y + (-742)/(-18)?
4
Suppose 5*s - 438 = 567. Suppose -2*x = 3*d - 6*x - 601, s = d - 2*x. What is the units digit of d?
9
Let t be (-808)/15 - (-20)/(-150). Let m = -20 - t. What is the units digit of m?
4
Suppose 14*z = 15*z - 264. What is the hundreds digit of z?
2
Suppose 3*y + 2*h - 14 + 3 = 0, -8 = 4*h. Suppose -t + 5*m - y = 2*m, 5*m = 15. What is the units digit of t?
4
What is the tens digit of 1*452 + -9*(-4)/12?
5
Let f = 277 - -427. What is the units digit of f?
4
Let m be -16 - (1 - (-1 + 1)). Let i be 8/(-6)*((-27)/(-6) + 0). Let d = i - m. What is the units digit of d?
1
What is the units digit of 2456 + (0 + 1)*-3?
3
Suppose -3 = 3*b - 12. Let l(h) = 0*h**2 + 2*h**3 + 8 - h**2 + 0*h - 7 - b*h. What is the units digit of l(2)?
7
Suppose 5*k + 5 - 8 = -2*b, -2*k - 24 = -2*b. Let y = b - 15. Let s(i) = -i**3 - 4*i**2 + 6*i - 9. What is the tens digit of s(y)?
2
Suppose 0 = 3*k + 231 - 5970. What is the tens digit of k?
1
Suppose -2*a = -30 - 42. Suppose 2*t - 6 - a = 0. Suppose s - 18 = t. What is the tens digit of s?
3
Suppose 0 = c - 6 - 16. Let r be 77/c*(-12)/(-14). Let x(w) = w**2 - w + 4. What is the tens digit of x(r)?
1
Suppose -4*k + 2*k + 18 = 0. Let w(g) be the first derivative of g**3/3 - 3*g**2/2 - 1. What is the tens digit of w(k)?
5
Let r be (-2)/2*(52 - 19). What is the tens digit of 67 + (20/6 - (-44)/r)?
6
Let l be ((-4 + (-23)/(-4))*-4)/(-1). Suppose -3*i = -l*i + 328. What is the units digit of i?
2
Suppose -1596 = -4*p + 4*o, -5*p + 1621 = 2*o - 339. Suppose p = 5*g - 176. What is the units digit of g?
4
Let a(b) = -2*b**3 + 2*b**2 + 6*b - 6. What is the tens digit of a(-4)?
3
Let u(y) = -y**3 - 13*y**2 - 13*y + 3. Let h = -14 - -2. What is the tens digit of u(h)?
1
Let o = -3759 + 5919. What is the thousands digit of o?
2
Let i(v) = -v - 10. Let h be i(-13). Let k be 9*2 - (h - 5). Suppose 0 = 2*g - 10 - k. What is the tens digit of g?
1
Let s(t) = t**3 - 8*t**2 + 5*t - 6. What is the tens digit of s(10)?
4
Let y = 8 + -12. Let j = -3 - y. What is the units digit of (-8)/((-3)/(j + 2))?
8
Let d(l) = l**3 + 8*l**2 - 4*l - 2. Let q(r) = -r**3 - 7*r**2 + 4*r + 1. Let a(n) = 4*d(n) + 5*q(n). Let u be a(-5). What is the units digit of 90/u - 4/(-6)?
4
What is the units digit of (0 + (-1 - 1))*5907/(-66)?
9
Let l = 306 - -11. What is the tens digit of l?
1
Suppose 13*q = -81 + 55. Let b = 36 + -13. Let h = b - q. What is the tens digit of h?
2
Let w = 462 + 51. What is the tens digit of w?
1
Let b = 303 + -82. What is the tens digit of b?
2
Let n be 86 - (6 - 1 - 4). Suppose 5*a - 4*g - 332 = n, 4*a - 327 = g. What is the tens digit of a?
8
Let g(h) = -h**3 + 9*h**2 + 12*h + 2. Suppose -7 = 4*w - 39. What is the hundreds digit of g(w)?
1
Suppose -7 - 5 = 2*b + 4*p, 2*b + 3*p + 13 = 0. Let x be 8/(b/(-15)) - 0. Suppose 56 = 19*y - x*y. What is the tens digit of y?
1
Let d be -32*90/(-12) + 0. Suppose 9*k = d + 327. What is the tens digit of k?
6
Let a(l) = l**2 - 3*l + 12. Let c be a(8). Suppose z = -z + c. Let s = z - 14. What is the units digit of s?
2
What is the hundreds digit of ((-32045)/(-15))/(-13)*-3?
4
What is the tens digit of (-110)/(-275) - (-1)/((-5)/(-2303))?
6
Let r(t) = 105*t - 1. Let w be r(3). Suppose -2*o + q = -w, 6*q - 642 = -4*o + q. What is the hundreds digit of o?
1
Let q(c) = 689*c - 10. What is the hundreds digit of q(1)?
6
Let r be 4 - (-4 - (2 - 7)). Suppose -4*y - 172 = -r*s, -3*s = 4*y - 0*y - 140. What is the units digit of s?
2
Let n = 804 + -134. What is the tens digit of n?
7
Let a(k) = -5*k**3 - 17*k**2 - 7*k + 6. What is the tens digit of a(-5)?
4
Suppose 3151 = 9*u - 692. What is the hundreds digit of u?
4
What is the units digit of (2424/36)/((-13)/(-6) - 2)?
4
What is the units digit of -4880*((-4)/(-16) + 20/(-16))?
0
What is the hundreds digit of 1/(-9 - 102680/(-11408))?
4
Let k = -78 - -64. Let r(j) = j**2 + 15*j + 17. What is the units digit of r(k)?
3
Let w(n) = 79*n - 14. What is the units digit of w(6)?
0
Let j = -83 - -1227. What is the tens digit of j?
4
Suppose -4*n = -5*v + 7511 - 483, 4*v - 4*n - 5620 = 0. What is the tens digit of v?
0
Let a(s) = -2*s**3 - 17*s**2 - 33*s + 4. What is the units digit of a(-11)?
2
Let t = 16 + -13. Suppose j - 10 = -3*p, -j - t*p + 2*p + 4 = 0. What is the units digit of j?
1
Suppose 5*t = 2*b - 153 + 2625, b = -4*t + 1988. Suppose t = 11*j - 7*j. What is the tens digit of j?
2
Let m = -373 + 1847. What is the units digit of m?
4
Let z = 865 - 420. What is the units digit of z?
5
Let f = 32 + -25. Suppose 3*b + 5 + f = 0. What is the units digit of 1/(b/(0 + -204))?
1
Let p = 251 - 185. What is the tens digit of p?
6
Suppose 0 = o + o + 18. Let x be ((-2)/(-6))/((-2)/78). Let j = o - x. What is the units digit of j?
4
Suppose z - 90 = 3*r + 262, 3*z + 2*r - 1111 = 0. What is the tens digit of z?
6
Let r(z) = 1 - 3 + 2 - 4*z + 3 - z**2. Let j = -11 - -7. What is the units digit of r(j)?
3
Let t = 250 + 28. What is the hundreds digit of t?
2
Suppose 0 = -h + 2*l + 9, h + 5*l + 17 = -2*h. Let g(d) = 2*d - 2. Let a(x) = -x. Let s(o) = h*g(o) - a(o). What is the units digit of s(9)?
5
Suppose 18*z = 15*z + 48. Let w(x) = 26*x**3 + x. Let q be w(1). Let d = q - z. What is the tens digit of d?
1
Let c = 81 - 76. Suppose c*f + 3*y - 228 = 181, -y + 163 = 2*f. What is the units digit of f?
0
Suppose n - f - 927 = -335, 3*n = -4*f + 1811. What is the tens digit of n?
9
Suppose -8*m = -7*m - 228. What is the tens digit of m?
2
Suppose 2406 = -4*l + 12046. What is the hundreds digit of l?
4
Suppose 5*j - 3*k - 911 = 0, -2*j = 4*k - 2*k - 358. Suppose 61 - j = -4*b. Suppose 0 = 2*v - 7*v + x + 150, -v = -x - b. What is the tens digit of v?
3
Let q = -19 - -16. What is the units digit of 3/q + 2 + (132 - 3)?
0
Let i be -5 - (1 - 0*3/9). Let d(b) be the third derivative of -b**4/12 - 4*b**3/3 - b**2. What is the units digit of d(i)?
4
Suppose 0 = -4*b - b - 40. Let d(y) = -y**3 + 7*y**2 + 2. Let t be d(7). What is the units digit of b/(t/(-2)) - 1?
7
Let b(w) be the second derivative of w**8/6720 - w**7/420 - w**6/120 - w**4/2 + 8*w. Let u(p) be the third derivative of b(p). What is the units digit of u(7)?
7
Suppose -16*s + 12*s = -8. Suppose 2*c - 4 - 2 = 0. Suppose s*m = -c*m - 4*f + 71, -2*m + 33 = -3*f. What is the units digit of m?
5
Let z = 302 - 207. Suppose -2*w + v + 170 = 6*v, w + 5*v = z. What is the tens digit of w?
7
Suppose 2*n - 2*h + 5 = 3*n, 2*n + 3*h = 9. Suppose 2*q = 5*k - 63, -n*q + 6*q + 45 = 3*k. Let s = 36 - k. What is the units digit of s?
5
Let q = 98 - 43. Suppose 5*k = 5*v - q, -1 = -4*v + 3*v - 4*k. What is the units digit of v?
9
Suppose 4*x - 5*s - 278 = 0, 2*x + 2*x - 258 = -5*s. Let q = x - 33. What is the tens digit of q?
3
Let y be 4/(-6) + (2680/(-6))/(-1). What is the units digit of ((-2)/(-4) + (6 - 6))*y?
3
Let l = -2375 + 3592. What is the units digit of l?
7
Let y(v) = v - 32. Let f(b) = -b + 33. Let c(x) = 4*f(x) + 3*y(x). What is the units digit 